31 = 9*z - n*z. Suppose 3*t - z = 16. List the prime factors of t.
7
Let u = -22627 - -31646. What are the prime factors of u?
29, 311
Let f = -35890 - -65455. What are the prime factors of f?
3, 5, 73
Suppose 5*x - 12 = 2*a, 0*x = 2*x - 2*a. Suppose 2*m + 90 = 5*s, 19 = 3*m + 4. Suppose -t + s = x*t - 2*y, 4*t + 2*y = 16. List the prime factors of t.
2
Suppose 0 = h - 5*k - 121, -137 = -h - 17*k + 18*k. Suppose -p = -h - 29. What are the prime factors of p?
2, 5, 17
Suppose f + 215 = -o - 153, -2*o = -3*f + 756. List the prime factors of o/(-14) - ((-72)/(-21))/(-8).
3
Let p = -150 - -154. Suppose -3*x - 174 = -3*h, p*h + 5*x + 125 = 6*h. List the prime factors of h.
5, 11
What are the prime factors of (4 + (-25)/10)/(36/16)*18822?
2, 3137
Let a = 6959 - -9009. What are the prime factors of a?
2, 499
Suppose 47226 = x + u, 2*x = -4*u + 38481 + 55985. What are the prime factors of x?
23, 2053
Suppose 5*o + p - 54 = 25, -4*o + 66 = -2*p. Let b(j) = -j + 4 - o*j - 5 + j. List the prime factors of b(-6).
5, 19
Let w(u) = 3*u - 34. Let r be w(26). Let k = -40 + r. Suppose -k*o + 309 = -139. List the prime factors of o.
2, 7
Suppose 2*j + 9120 = -251*u + 252*u, -4*u + 36450 = 2*j. List the prime factors of u.
2, 3, 7, 31
Let z(y) = y**2 - 4*y + 3. Let m be z(4). Suppose m*f - 8 = -2. Suppose 5*b - 4 = 6, -3*t + 106 = f*b. What are the prime factors of t?
2, 17
Let g(s) = 168*s**2 + 38*s - 82. What are the prime factors of g(7)?
2, 263
Let g(v) = -5*v + 1. Let p be g(-1). Let j be 4/p*(-31 - -4). List the prime factors of (-22)/(-99) - ((-2156)/j)/(-1).
2, 3, 5
Let b be (19 - -1) + (2/(-1) - -4). Suppose -20*d - 2 = -b*d. Let y(a) = 58*a**2 - 2*a + 3. What are the prime factors of y(d)?
59
Let r(g) = 35*g**2 - 75*g - 124. What are the prime factors of r(-19)?
2, 13, 67
Let v(y) be the first derivative of y**4/4 - 11*y**3/3 - 6*y**2 - 7*y - 16. What are the prime factors of v(13)?
5, 7
Let o(r) = r**3 - 4*r**2 + 8. Let f be o(4). Suppose 5*w + 205 = f*x - 7*x, 0 = -3*x - 3*w + 597. List the prime factors of x.
2, 5
What are the prime factors of 876 + 4 - (13 + -9)?
2, 3, 73
Suppose 1367 = 12*h - 3229. Let k = -542 - -288. Let w = h + k. List the prime factors of w.
3, 43
Suppose 38*u + 0 - 76 = 0. List the prime factors of (-22)/u*(-116 - -25).
7, 11, 13
Suppose -5*s + 1345 = -3*b, 1450 = 5*s - 2*b + 100. Suppose 0 = 2*t - 4, 0*w - 2*w + s = -2*t. What are the prime factors of w?
2, 3, 23
Suppose -23*t - 25 = -18*t. Let i(x) = -2*x**3 + 6*x**2 - 3*x - 18. List the prime factors of i(t).
397
Let c = 29738 + -13546. What are the prime factors of c?
2, 11, 23
Let g = 487 + 2693. Suppose 0 = -16*y + 22*y - g. What are the prime factors of y?
2, 5, 53
Let k(i) = 3*i**3 - 2*i**2 - 75 - 2*i**3 + 69. Let u be k(3). Suppose 5*t = -4*l + 949, -u*t - 447 = -6*l + 4*l. What are the prime factors of l?
3, 7, 11
Suppose 522918 = 49*d - 70080. List the prime factors of d.
2, 3, 2017
Let b(a) = -3*a + 46. Let m = 85 - 71. Let r be b(m). Suppose -6*c + r = -4*c, 4*c - 110 = -2*p. List the prime factors of p.
3, 17
Suppose 19*k - 24*k = 2*l - 498, 5*k + 966 = 4*l. Suppose 260*f - l*f = 17840. What are the prime factors of f?
5, 223
What are the prime factors of (-82810)/(-8) + 3*8/(-96)?
11, 941
Let a(i) = -21*i - 12. Suppose 3*r - 3*n = -2*r + 12, 2*r - 2*n = 8. Suppose -5*p - y - 33 = r, p + 0*y = -2*y - 12. List the prime factors of a(p).
2, 3, 19
Suppose 23*c = 12 + 80. What are the prime factors of (c - (-81)/(-9)) + 1493?
2, 3, 31
Suppose -t - 8742 = -3*i + 4823, -2*i + 9055 = -3*t. What are the prime factors of i?
2, 5, 113
Let v(u) = 5*u + 79. Let i(z) = 11*z + 160. Let y(l) = -4*i(l) + 9*v(l). Let a(f) = -16*f**2 + f + 1. Let w be a(-1). List the prime factors of y(w).
5, 11
Let p(s) = 3 - 9*s**2 + 3*s**3 + 11*s - 11*s - 2*s**3. Let r be p(9). List the prime factors of (-1 + 12/r)/(6/62).
31
Suppose -2*g = 6*g - 1880. Let p(n) = 12*n - 32. Let f be p(3). Suppose 4*q - 3*q + 115 = 2*b, -3*q - g = -f*b. List the prime factors of b.
5, 11
Suppose -3*a + 2*m - 4 = 0, 17*a + 4*m = 13*a + 28. Suppose a*h + 46 = 2*o, 5*o + 3*h = 7*h + 118. What are the prime factors of o?
2, 13
Suppose 2*k - 6 = -0. Let o = k - -105. Let y = o + -53. What are the prime factors of y?
5, 11
Let h(g) be the third derivative of 5/24*g**4 - 11*g**2 + 0*g + 1/2*g**3 + 0. List the prime factors of h(16).
83
Suppose -62*l + 65*l - 31022 = 23095. What are the prime factors of l?
3, 7, 859
Let k(l) = 3*l**2 + 4*l + 13. Let q be k(-3). Let c(n) = 6*n**2 - 4*n**2 + 5*n + n - 54 - q*n. List the prime factors of c(18).
2, 3, 11
Suppose 0 = 5*r - 13 - 7. Suppose g = h - 1, -4*g + 6 = r*h - 7*g. Suppose 0*w + h*w = 174. What are the prime factors of w?
2, 29
Let g(l) = -695*l + 525. List the prime factors of g(-41).
2, 5, 1451
Suppose -809*t = -740*t - 2627175. What are the prime factors of t?
5, 1523
List the prime factors of (-152 + 8)*6064/(-24).
2, 3, 379
Let q = 75 + -74. Let a be (6 - (-1 - -6))*q. What are the prime factors of (9 + -3)*2 - a?
11
List the prime factors of (12 - (-5 + -11))*24468/24.
2, 7, 2039
Let l(s) = -s**3 + 9*s**2 - 7*s + 5. Let t(z) = z**3 - 3*z**2 - 10*z + 5. Let r be t(5). Let i be (1 + r + 6)*(-2)/(-4). What are the prime factors of l(i)?
71
Suppose -3085969 - 2085410 = -98*z - 1010789. List the prime factors of z.
5, 7, 1213
Let h = -169 - -171. Suppose 3 = -3*q, 0 = -5*t + t + h*q + 1558. What are the prime factors of t?
389
Suppose 0 = 3*o - 12, -4*s = 2*o + 133 - 789. Let p = s + 40. What are the prime factors of p?
2, 101
Let c(b) = -b - 7. Let v be (-4)/6*(2 - (-44)/8). Let i be c(v). What are the prime factors of i*((-71)/2 + 2)?
67
Suppose 0 = -9*i + 4*i + 60. What are the prime factors of -1306*(-7 - (-78)/i)?
653
Suppose 587*t = 605*t - 99910 - 68498. What are the prime factors of t?
2, 2339
Let c = 9 - 4. Suppose 4*z = -c*t + 469 - 63, -62 = -t + 4*z. Suppose -3*s + t = -201. List the prime factors of s.
3, 31
Let t(a) = -3795*a + 3935. List the prime factors of t(-6).
5, 7, 109
Suppose 140702 = j + 23*j - 201706. What are the prime factors of j?
11, 1297
Suppose -2*l - 2*l = -24. Let a(q) = 13 - l - 5 + 101*q - 4. What are the prime factors of a(1)?
3, 11
Let u = -17 - -34. Let f = u - -10. List the prime factors of 2844/f - (1 + 4/(-6)).
3, 5, 7
Let s(f) be the second derivative of f**4/12 - 3*f**3/2 - f**2/2 - 3*f - 34. List the prime factors of s(-9).
7, 23
Suppose 0 = 5*k - 3*r - 130905, -3*k - 3*r = -2*k - 26163. List the prime factors of k.
2, 3, 4363
Let f(g) = -g**3 - 21*g**2 + 49*g + 73. Let p be f(-23). List the prime factors of 33/p*(-2580)/(-45).
11, 43
What are the prime factors of 8*1670 - (-2547)/(-283)?
13, 79
Suppose 3*o + 311 - 77 = 0. Let m be ((-1)/2*-10)/((-2)/o). List the prime factors of (-40)/6*m/(-20).
5, 13
Suppose 0 = -z - 3*p + 12894, -2*z + 15248 = p - 10565. List the prime factors of z.
3, 13, 331
List the prime factors of (258/(-15))/(52/(-7930)).
43, 61
List the prime factors of (531/18)/(39/12090).
5, 31, 59
What are the prime factors of 13/3 + (-74)/222 + 8869?
19, 467
Suppose -29*g + 23*g = -462. What are the prime factors of -2 - (-11)/(g/938)?
2, 3, 11
Let p = 12854 - 1740. What are the prime factors of p?
2, 5557
Suppose 0 = 18*y - 22*y + 28. Suppose -1332 + 4671 = y*x. What are the prime factors of x?
3, 53
Suppose -2*t + 7*f = 12*f - 12557, -3*t = -3*f - 18846. List the prime factors of t.
11, 571
Let s = -147 + 149. Suppose 2*n - p = 65, 3*n - s*p + 56 = 5*n. List the prime factors of n.
31
Let j(h) = -4549*h - 4. Let x be j(-1). Suppose 8*n - x = -n. List the prime factors of n.
5, 101
Let z(i) = i**3 - 37*i**2 + 65*i + 23. Let c be z(35). What are the prime factors of ((-1)/((-3)/142))/(c/(-2280))?
2, 5, 71
Suppose -203*r = -195*r - 14408. What are the prime factors of r?
1801
Suppose 3*s = 5*m + 18001, 35*m + 17951 = 3*s + 40*m. What are the prime factors of s?
2, 7, 107
Suppose l - 7*f + 184 = -2*f, 4*l = -5*f - 761. Let g = l - -129. List the prime factors of (123/(-12))/(3/g) + 3.
2, 13
Suppose 18 = 3*y + 18. Suppose -4*n + 5*a + 37 = y, -3*n = 2*a - 0 + 1. Suppose -5*q = -4*m + 111, 0*q - 142 = -5*m + n*q. What are the prime factors of m?
29
Let x = -3682 + 937. Let t = -1663 - x. List the prime factors